- 141*q - 162. What is s(-9)?
54
Let l(k) = -332*k - 657. Determine l(-2).
7
Let v(u) = 26*u**2 - 17*u - 8. What is v(5)?
557
Let f(s) = -5*s**3 - 9*s**2 - 28*s + 10. Determine f(-3).
148
Let u(r) = 40*r - 1979. What is u(53)?
141
Let j(w) = 62*w + 25. Give j(-7).
-409
Let z(y) = -3*y**2 - 53*y - 94. What is z(-15)?
26
Let j(t) = t**3 - 105*t**2 - 439*t + 244. Calculate j(109).
-83
Let q(r) = r**3 - 16*r**2 + 20*r - 40. Calculate q(15).
35
Let j(m) = 145*m**2 + 14499*m - 119. Determine j(-100).
-19
Let b(m) = m**2 - 27*m - 27. Calculate b(0).
-27
Let o(s) = s**2 + 187*s + 374. What is o(-2)?
4
Let h(l) = -12*l - 124. Determine h(-9).
-16
Let m(b) = -5*b**2 + 103*b - 494. Calculate m(13).
0
Let n(t) = -162*t + 4218. Give n(26).
6
Let d(b) = -40*b - 120. What is d(-6)?
120
Let j(y) = 2*y**3 - 271*y**2 + 418*y - 2155. Determine j(134).
-11
Let l(b) = 85*b + 624. Calculate l(-7).
29
Let w(h) = -2*h**3 - 61*h**2 - 28*h + 95. Give w(-30).
35
Let c(r) = -r**2 - 52*r - 464. Calculate c(-11).
-13
Let c(m) = -365*m - 2558. Give c(-7).
-3
Let p(g) = -g**3 + 34*g**2 + 37*g - 30. What is p(35)?
40
Let a(s) = -16*s**3 + 145*s**2 + 5*s - 24. What is a(9)?
102
Let x(z) = -206*z + 15650. Determine x(76).
-6
Let n(d) = 11*d + 53. What is n(6)?
119
Let k(c) = -4*c**2 - 6*c + 3. Determine k(1).
-7
Let b(j) = -949*j + 8549. What is b(9)?
8
Let i(g) = -24*g**2 - g - 18. Determine i(2).
-116
Let x(t) = -1159*t + 15050. Determine x(13).
-17
Let n(h) = -64*h - 1890. Calculate n(-30).
30
Let n(f) = 1095*f - 6576. Give n(6).
-6
Let g(a) = -77*a + 1112. Give g(17).
-197
Let w(c) = -152*c - 547. Calculate w(-4).
61
Let z(f) = f**3 - 43*f**2 - 10*f + 428. What is z(43)?
-2
Let n(r) = -14*r - 113. Determine n(-10).
27
Let n(v) = 24*v - 1467. What is n(61)?
-3
Let n(o) = -21*o + 630. What is n(25)?
105
Let s(i) = i**2 + 181*i - 155. Give s(0).
-155
Let o(w) = -36*w - 84. What is o(-5)?
96
Let z(b) = -16*b**3 - 2*b**2 - 4*b - 8. Determine z(-2).
120
Let y(l) = 72*l + 1034. Give y(-14).
26
Let q(g) = g**2 - 30*g + 138. Give q(26).
34
Let q(k) = k**3 - 23*k**2 + 34*k + 8. Determine q(21).
-160
Let b(p) = 1363*p - 17728. What is b(13)?
-9
Let w(u) = u**3 + 5*u**2 + 16*u + 55. Calculate w(-5).
-25
Let n(p) = -p**2 - 85*p - 1730. Give n(-34).
4
Let y(s) = 12*s**2 - 1484*s - 560. Calculate y(124).
-64
Let a(q) = 9*q**2 + 27*q + 98. Give a(-4).
134
Let r(b) = -16*b + 15. Give r(8).
-113
Let r(o) = o**3 - 12*o**2 - 20*o - 8. Calculate r(14).
104
Let c(r) = -355*r - 2878. What is c(-8)?
-38
Let n(v) = -v**3 - 19*v**2 + 6*v - 275. Give n(-20).
5
Let q(n) = -n**3 - 42*n**2 - 152*n - 13. Determine q(-38).
-13
Let n(j) = -3*j**2 + 189*j - 1950. Calculate n(13).
0
Let z(x) = -602*x + 4803. What is z(8)?
-13
Let v(p) = 5102*p + 66317. Determine v(-13).
-9
Let g(o) = 57*o - 3242. What is g(57)?
7
Let s(f) = -f**3 + 10*f**2 + 3*f + 12. Determine s(9).
120
Let o(l) = -l**3 - 2*l**2 + 3949*l + 7896. Calculate o(-2).
-2
Let k(h) = h**3 - 5*h**2 - 14*h - 87. Calculate k(8).
-7
Let w(t) = -41*t - 575. Give w(-12).
-83
Let h(j) = 13*j**2 - 247*j + 65. Give h(19).
65
Let a(w) = -w**3 - 55*w**2 - 78*w + 1104. Give a(-53).
-380
Let o(m) = m**3 + 19*m**2 - 91*m - 58. Determine o(-23).
-81
Let g(o) = -17*o**2 + 2223*o + 523. What is g(131)?
-1
Let x(s) = 11*s**2 - 70*s - 37. What is x(7)?
12
Let v(c) = 11*c**2 + 144*c - 13. Determine v(-13).
-26
Let i(r) = 22*r**3 + 2*r**2 - 33*r + 68. Give i(2).
186
Let o(l) = 3520*l + 21111. Determine o(-6).
-9
Let f(s) = -72*s - 2460. Calculate f(-37).
204
Let i(s) = s**3 - 109*s**2 + 419*s + 103. Determine i(105).
-2
Let p(h) = 408*h - 3277. Give p(8).
-13
Let k(c) = 21*c**3 + 2*c**2 + 20*c - 20. Determine k(1).
23
Let w(n) = 6*n**2 - 177*n + 355. Determine w(2).
25
Let v(l) = 3*l**2 + 79*l + 563. Give v(-8).
123
Let m(n) = -n**3 - 5*n**2 + 62*n + 249. Give m(-6).
-87
Let l(t) = t**2 + 8*t + 45. What is l(14)?
353
Let t(p) = p**3 + 25*p**2 + 10*p - 37. Give t(-24).
299
Let z(g) = -68*g - 612. What is z(-9)?
0
Let x(r) = -4*r**3 + 11*r**2 - 713*r + 2161. Give x(3).
13
Let j(m) = m**2 + 12*m + 48. Calculate j(-10).
28
Let g(s) = -149*s**2 - 302*s - 1. What is g(-2)?
7
Let u(n) = 105*n**2 + 12*n + 3. Determine u(1).
120
Let g(q) = -343*q + 289. Give g(1).
-54
Let g(y) = -3*y**3 + 25*y**2 - 34*y - 11. Give g(9).
-479
Let p(r) = -53*r**2 - 9. Give p(2).
-221
Let f(l) = -7*l + 208. Give f(28).
12
Let q(f) = f**2 - 65*f + 872. Determine q(22).
-74
Let m(r) = 23*r - 1107. Determine m(49).
20
Let w(z) = -z**3 - 16*z**2 + 28*z - 75. Determine w(-17).
-262
Let m(p) = -p**3 - 21*p**2 + 14*p - 141. Give m(-22).
35
Let z(h) = -39*h + 3332. Calculate z(94).
-334
Let c(l) = l**2 + 41*l + 96. Give c(-38).
-18
Let q(v) = -v**2 - 105*v + 673. Give q(6).
7
Let c(o) = -12*o**2 + 589*o - 58. What is c(49)?
-9
Let x(q) = -6*q**2 - 64*q + 62. Calculate x(-7).
216
Let p(i) = -309*i - 972. Give p(-3).
-45
Let j(b) = -8*b + 857. Determine j(98).
73
Let x(l) = -38*l - 1375. Give x(-39).
107
Let q(g) = 150*g + 839. What is q(-6)?
-61
Let h(x) = 159*x**2 - 18923*x + 243. What is h(119)?
5
Let m(h) = -123*h + 4521. Determine m(36).
93
Let n(c) = -1280*c - 2543. Give n(-2).
17
Let w(c) = -322*c + 12246. Calculate w(38).
10
Let k(d) = -6*d**2 + 373*d - 79. Calculate k(62).
-17
Let p(z) = -z**2 - 37*z - 243. What is p(-30)?
-33
Let u(d) = -3*d**2 - 6*d + 40. What is u(9)?
-257
Let s(j) = -736*j + 92733. Calculate s(126).
-3
Let c(r) = r**3 + 15*r**2 + 32*r + 34. What is c(-6)?
166
Let h(g) = 29*g + 280. Determine h(-16).
-184
Let n(p) = -509*p - 3047. Calculate n(-6).
7
Let m(x) = -5*x**2 + 37*x + 254. Calculate m(-6).
-148
Let w(i) = 2*i**3 + 31*i**2 + 14*i - 6. Give w(-15).
9
Let i(y) = 419*y + 2496. Give i(-6).
-18
Let l(z) = z**3 + 18*z**2 + 47*z + 377. What is l(-16)?
137
Let z(a) = 2*a**3 - 9*a**2 + 12*a - 17. Determine z(3).
-8
Let l(m) = m**3 + 9*m**2 - 25*m + 5. What is l(-11)?
38
Let c(y) = -6142*y + 49144. What is c(8)?
8
Let a(v) = 277*v + 1957. Give a(-7).
18
Let m(z) = -121*z**2 + 602*z + 13. What is m(5)?
-2
Let x(o) = -18*o + 466. Calculate x(51).
-452
Let z(s) = -20*s + 699. Give z(35).
-1
Let l(j) = -2*j**2 - j + 855. Determine l(-21).
-6
Let a(c) = -c**3 + 20*c**2 - 44*c + 148. What is a(18)?
4
Let y(w) = w**3 - 20*w**2 + 14*w + 4. Determine y(19).
-91
Let m(x) = 246*x + 91250. Give m(-371).
-16
Let d(f) = -f**3 + 21*f**2 + 30*f - 167. Calculate d(22).
9
Let q(y) = 111*y - 1105. What is q(9)?
-106
Let t(r) = 126*r**3 - 4*r**2 + 7*r - 5. Determine t(1).
124
Let i(j) = 2*j**3 + 78*j**2 + 2*j + 104. Calculate i(-39).
26
Let z(p) = -510*p - 5080. Determine z(-10).
20
Let c(o) = -726*o - 179324. Calculate c(-247).
-2
Let i(j) = j**3 - 18*j**2 - 15*j - 187. What is i(20)?
313
Let x(h) = -16*h + 435. Give x(22).
83
Let y(k) = -136*k - 3193. Determine y(-23).
-65
Let o(h) = -13*h**2 + 192*h + 51. Calculate o(15).
6
Let k(m) = m**3 - 15*m**2 + 15*m - 10. Give k(12).
-262
Let s(b) = 2*b**3 + 248*b**2 - 513*b - 1144. Calculate s(-126).
-10
Let h(r) = -328*r + 864. Give h(2).
208
Let f(d) = 4*d - 207. Calculate f(39).
-51
Let y(q) = 2*q**3 + 8*q**2 + 14*q - 15. Give y(-5).
-135
Let h(w) = -w**3 - 48*w**2 + 516*w + 122. What is h(-57)?
-49
Let m(u) = u**2 - 107*u + 2804. What is m(47)?
-16
Let p(k) = 39*k + 1598. Give p(-41).
-1
Let h(s) = -9*s - 399. Calculate h(-19).
-228
Let h(j) = -j**3 - 34*j**2 + 151*j - 24. Determine h(-38).
14
Let x(l) = 3*l**2 + 54*l - 16. What is x(-12)?
-232
Let o(x) = -28*x - 446. Give o(-16).
2
Let b(a) = -a**2 + 4*a + 249. What is b(19)?
-36
Let j(y) = -129*y + 4247. Calculate j(33).
-10
Let f(u) = 3*u**2 + 40*u + 245. Determine f(-9).
128
Let s(x) = -x**3 - 39*x**2 - 332*x - 288. Calculate s(-11).
-24
Let v(a) = -a**3 + 20*a**2 - 6*a + 159. Calculate v(20).
39
Let s(w) = 83*w + 852. Give s(-10).
22
Let t(c) = 188*c + 5370. Determine t(-29).
-82
Let p(w) = 8*w**2 - 141*w + 81. What is p(17)?
-4
Let h(t) = 21*t**2 - 13*t - 4. Give h(-2).
106
Let y(o) = -o**2 - 162*o + 35468. Determine y(124).
4
Let g(h) = -2*h**3 + 84*h**2 + 467*h + 150. Give g(47).
9
Let v(s) = 854*s + 4267. Calculate v(-5).
-3
Let s(g) = 4*g**2 - 31*g - 5. Give s(5).
-60
Let x(s) = 219*s - 9634. Give x(44).
2
Let n(z) = -6*z**2 + 45*z - 78. Calculate n(7).
-57
Let l(y) = -y**2 + 167*y + 122